 7) in base 11?
10
Convert 1185 (base 10) to base 12.
829
What is a9b9 (base 13) in base 15?
7013
Convert -1222222 (base 3) to base 4.
-112301
What is -2047 (base 15) in base 11?
-5138
1ad (base 16) to base 5
3204
What is -256535 (base 7) in base 16?
-bb4c
What is -515 (base 10) in base 3?
-201002
Convert -1151 (base 10) to base 3.
-1120122
Convert -222320 (base 4) to base 13.
-1331
65b (base 14) to base 8
2351
Convert 10010 (base 5) to base 6.
2530
What is -106 (base 11) in base 15?
-87
Convert 8573 (base 9) to base 8.
14237
Convert -4713 (base 10) to base 2.
-1001001101001
What is -5202 (base 6) in base 15?
-51e
38aa (base 11) to base 6
35305
What is 1a84 (base 12) in base 13?
1645
1001111110 (base 2) to base 3
212122
-4202 (base 5) to base 12
-3a0
What is 2120000 (base 3) in base 7?
5301
-6a6c (base 16) to base 15
-8114
What is 131242 (base 6) in base 9?
17378
What is 14007 (base 14) in base 16?
c0f7
Convert 1565 (base 8) to base 14.
473
Convert 2020202122 (base 3) to base 13.
17216
Convert 72c (base 13) to base 6.
5353
Convert -69da (base 15) to base 3.
-1010211121
116131 (base 7) to base 3
1002021021
Convert 163 (base 10) to base 4.
2203
Convert 15ca (base 13) to base 5.
100313
Convert 113 (base 11) to base 5.
1020
What is -71 (base 12) in base 9?
-104
What is -735 (base 13) in base 14?
-639
Convert -20022 (base 5) to base 6.
-5502
-950 (base 13) to base 2
-11000110010
Convert 10911 (base 11) to base 16.
3d7e
-6352 (base 9) to base 4
-1020320
What is 1116 (base 9) in base 6?
3453
What is -641 (base 9) in base 13?
-313
What is 451153 (base 6) in base 15?
b349
What is -10110111 (base 2) in base 15?
-c3
What is -afc (base 16) in base 14?
-104c
What is -237 (base 16) in base 8?
-1067
Convert -403 (base 6) to base 15.
-9c
11200202 (base 3) to base 5
102142
Convert -8e2 (base 15) to base 10.
-2012
11b5 (base 12) to base 3
2202102
What is -111101 (base 3) in base 13?
-21a
What is 21170 (base 9) in base 8?
33253
d (base 14) to base 10
13
What is -bd8 (base 14) in base 12?
-1436
-31302223 (base 4) to base 6
-1113311
What is -13130 (base 4) in base 10?
-476
Convert 106652 (base 8) to base 6.
435522
Convert 14314 (base 5) to base 16.
4b9
What is 9b3 (base 12) in base 6?
10343
Convert 1523 (base 9) to base 15.
520
573 (base 15) to base 12
869
-2002 (base 15) to base 11
-5089
-49b (base 14) to base 10
-921
Convert 5668 (base 10) to base 15.
1a2d
What is 231 (base 14) in base 15?
1e0
Convert -340 (base 6) to base 5.
-1012
-2ee (base 15) to base 4
-22202
534a (base 11) to base 13
32b0
What is 2205 (base 6) in base 11?
423
What is 1a3 (base 11) in base 16?
ea
Convert 626 (base 7) to base 2.
100111010
Convert 310021 (base 4) to base 15.
ec7
-2322 (base 10) to base 12
-1416
-1392 (base 10) to base 9
-1816
Convert 1457 (base 10) to base 8.
2661
-1032 (base 5) to base 16
-8e
69d (base 16) to base 11
12aa
Convert 84a (base 14) to base 6.
11322
Convert -12978 (base 11) to base 9.
-27310
-978 (base 12) to base 13
-82a
What is 121 (base 7) in base 4?
1000
Convert -123d (base 14) to base 9.
-4335
Convert -42 (base 5) to base 11.
-20
Convert 1254 (base 6) to base 9.
387
Convert -1c4e (base 15) to base 10.
-6149
What is -4510 (base 6) in base 4?
-100122
Convert -1859 (base 11) to base 3.
-10020112
What is -120213 (base 4) in base 3?
-2011100
What is 145443 (base 6) in base 12?
8283
-1578 (base 14) to base 11
-2972
What is 1720 (base 8) in base 2?
1111010000
Convert -2141 (base 5) to base 13.
-19a
Convert -da4 (base 16) to base 2.
-110110100100
What is 29b (base 13) in base 16?
1d2
What is 12110013 (base 4) in base 12?
12b73
Convert 57 (base 13) to base 8.
110
-2cd (base 14) to base 9
-706
What is 150 (base 7) in base 16?
54
8d2c (base 14) to base 2
101111111011100
What is 11001110 (base 2) in base 8?
316
Convert -40304 (base 6) to base 15.
-1881
17256 (base 9) to base 10
11877
Convert 1763 (base 14) to base 4.
1001223
-1232 (base 7) to base 9
-565
What is -3040 (base 11) in base 9?
-5475
1324 (base 6) to base 10
340
113504 (base 6) to base 13
467b
Convert -22111 (base 3) to base 9.
-274
4647 (base 11) to base 5
143401
6362 (base 10) to base 16
18da
What is 24b (base 15) in base 12?
375
Convert 45535 (base 6) to base 7.
24566
4b (base 12) to base 11
54
Convert 23352 (base 8) to base 16.
26ea
What is -3a97 (base 12) in base 6?
-51111
112201 (base 3) to base 6
1501
Convert -2cd (base 14) to base 3.
-210020
What is 93d8 (base 15) in base 9?
46775
Convert 341301 (base 5) to base 8.
27454
What is -1a5a5 (base 13) in base 9?
-77584
Convert -7271 (base 8) to base 11.
-2917
27 (base 10) to base 16
1b
-3605 (base 7) to base 6
-10052
1011 (base 4) to base 14
4d
Convert -5a5 (base 16) to base 2.
-10110100101
Convert a157 (base 11) to base 8.
32265
Convert 10502 (base 13) to base 10.
29408
-2314 (base 11) to base 15
-d7a
Convert 1100011110100110 (base 2) to base 3.
2121002222
Convert -8eb (base 15) to base 5.
-31041
-c89 (base 14) to base 3
-10101121
Convert 28b (base 14) to base 7.
1334
Convert 64367 (base 8) to base 3.
1100212020
What is -33275 (base 12) in base 2?
-10000100010111001
Convert -981 (base 10) to base 12.
-699
-18b (base 15) to base 13
-215
-6867 (base 14) to base 3
-220212020
Convert -1001110000 (base 2) to base 16.
-270
Convert 3257 (base 9) to base 13.
1129
What is -19598 (base 10) in base 6?
-230422
Convert -421 (base 12) to base 7.
-1516
Convert -20131 (base 4) to base 11.
-452
2354 (base 8) to base 16
4ec
-130233 (base 4) to base 13
-ab6
-16c (base 16) to base 4
-11230
What is -210245 (base 6) in base 3?
-212020202
What is 1101110011 (base 2) in base 3?
1012201
What is 214 (base 13) in base 9?
434
1001002 (base 3) to base 16
2f6
Convert -7647 (base 15) to base 8.
-60722
Convert 3713 (base 8) to base 5.
30440
What is 6350 (base 12) in base 10?
10860
What is 32c2 (base 16) in base 3?
122211021
22966 (base 11) to base 6
413133
What is 461 (base 13) in base 11?
627
114320 (base 6) to base 5
310211
Convert f5b (base 16) to base 7.
14314
8738 (base 9) to base 8
14442
Convert -204012 (base 5) to base 2.
-1101001100101
What is 67 (base 11) in base 3?
2201
Convert -1442403 (base 5) to base 2.
-111100100000010
Convert -77b9 (base 15) to base 2.
-110001100011110
What is 102002 (base 3) in base 13?
1a0
What is 1033420 (base 6) in base 16?
c894
Convert 1b4c (base 15) to base 9.
8110
Convert 142011 (base 6) to base 13.
6139
What is 404 (base 15) in base 7?
2431
Convert -119 (base 15) to base 4.
-3321
What is 1197 (base 10) in base 6?
5313
2014 (base 7) to base 5
10242
What is 1021011 (base 5) in base 15?
508b
What is 332322 (base 4) in base 13?
1aa9
What is -82a (base 12) in base 6?
-5254
7152 (base 8) to base 11
2855
What is -23931 (base 10) in base 11?
-16a86
Convert 7717 (base 8) to base 11.
304a
21a5 (base 12) to base 7
13601
What is -21001 (base 8) in base 6?
-104145
Convert 2a1 (base 14) to base 10.
533
-325 (base 10) to base 5
-2300
Convert 6418 (base 9) to base 16.
126b
-515 (base 7) to base 3
-100112
Convert 110202 (base 3) to base 5.
2334
Convert -2221 (base 7) to base 6.
-3411
What is -10111001011 (base 2) in base 7?
-4216
815 (base 16) to base 2
100000010101
210222111 (base 3) to base 4
3322120
Convert 2403 (base 12) to base 13.
1ab5
What is cb6 (base 16) in base 4?
302312
-3360 (base 7) to base 6
-5350
What is 121002 (base 3) in base 13?
275
What is -25611 (base 7) in base 4?
-1222203
Convert 1836 (base 15) to base 7.
21144
What is -23034 (base 6) in base 11?
-24a6
Convert 406 (base 7) to base 4.
3022
Convert -2010 (base 4) to base 2.
-10000100
Convert -6ae (base 15) to base 7.
-4262
Convert -35423 (base 6) to base 2.
-1010000000111
Convert 1100111111000 (base 2) to base 13.
3045
-100100101111000 (base 2) to base 14
-6bd6
What is -b6b (base 13) in base 8?
-3634
Convert -13364 (base 8) to base 7.
-23063
Convert -1012023 (base 4) to base 3.
-20011100
Convert -30342 (base 6) to base 5.
-112042
What is -1156 (base 10) in base 11?
-961
What is 618 (base 9) in base 15?
238
What is 416421 (base 7) in base 2?
10001100011011010
-87 (base 11) to base 3
-10112
44497 (base 10) to base 14
12305
-17dea (base 15) to base 9
-127144
What is -43b (base 14) in base 5?
-11322
110020211 (base 3) to base 14
3380
-10111010000010 (base 2) to base 6
-131042
Convert -3041 (base 